 + j/(-15). Let s be (30/(-50))/((-1)/y). What is the greatest common factor of s and 1?
1
Suppose 5*u - 286*v = -284*v + 130, 0 = 5*u + v - 115. What is the highest common divisor of 7884 and u?
12
Let t = 1824 + 177. Calculate the highest common factor of 261 and t.
87
Let o = -10733 + 10741. Calculate the greatest common factor of 13352 and o.
8
Suppose -8752 = -53*y + 25592. What is the greatest common factor of 48 and y?
24
Let u(t) be the third derivative of 19*t**5/60 - 719*t**2 + t. Suppose 4*h + 0*h + 4 = 0. Let d be u(h). Calculate the greatest common factor of 171 and d.
19
Suppose 2*r + 3*i = 81, 5*r - 97*i = -93*i + 214. Calculate the greatest common factor of r and 364.
14
Let y(x) = -x**2 - 13*x + 4. Let j be y(-18). Let w = 117 - -13. Let t = j + w. What is the greatest common factor of 22 and t?
22
Let r(s) = s + 15. Let h be r(6). Suppose 2*o = 16*o - 182. Suppose -2*w = -4*g + g, 5*w - o = g. Calculate the greatest common divisor of h and w.
3
Suppose 0 = -2*w - 3*w + 75. Let j = 37 - w. Let o(a) = -a**3 + 7*a**2 + 12*a - 21. Let c be o(8). Calculate the highest common factor of j and c.
11
Let q(u) = u**3 + 25*u**2 + 67*u - 11. Let h be q(-20). Calculate the greatest common factor of h and 44.
11
Let x be (-6 + -21)/(30/(-160)). Let b be 19 - (-3 + 1 + 0). Let g be 71/3 - (-7)/b. What is the highest common divisor of x and g?
24
Let i be -4 - ((-375)/27 + 35/(-315)). Let x(m) = 4*m - 7. Let s be x(8). Calculate the highest common divisor of i and s.
5
Let n(a) = -47*a - 289. Let x be n(-31). Suppose -2*w + 1170 = 2*p, 3*p + x = 5*p + w. What is the greatest common divisor of p and 53?
53
Let h be 3*(260/(-3))/(-4)*1. Let j = 65 - h. Suppose j = -48*x + 51*x - 180. Calculate the highest common divisor of x and 24.
12
Let f be 10/(-4)*1610/(-175). Suppose -17*z = -f*z + 252. Calculate the greatest common factor of z and 6.
6
Suppose -5*g = 0, -103*h + 2*g = -102*h - 4095. What is the highest common factor of 63 and h?
63
Suppose -12*v + 391 = -7*v + 3*h, -18*h = -5*v + 454. Calculate the highest common factor of v and 10320.
80
Let j = 3817 - 3808. Calculate the greatest common divisor of j and 6399.
9
Let s = 45 + 1400. What is the highest common factor of 340 and s?
85
Let j be (453/(-9) - -3)/(1/(-6)). Let o = j + -174. Suppose -3*y - 5*a + 55 = 0, -5*a - 23 - 2 = -5*y. Calculate the greatest common factor of y and o.
10
Suppose -3*f = -4*s + 3148, 0*f + 2*f + 2*s + 2094 = 0. Let i = -697 - f. What is the highest common factor of i and 39?
39
Let d be (2/6)/((-6)/234). Let o be 2/d - (-2)/13. Suppose -i = -3*n - 7 - o, 0 = 3*n - 3. Calculate the greatest common divisor of 30 and i.
10
Suppose 3*f - 34 = -37. Let m(p) = -164*p**3 - p**2 - 1. Let h be m(f). What is the greatest common factor of 216 and h?
54
Let l = 46 + -45. Suppose 3*x - w - 158 = 0, w = 5*w + 8. Let m be 2 - x/(-5 + l). What is the highest common divisor of m and 10?
5
Suppose -2*d + 2*h + 6767 = -h, -5*h - 10151 = -3*d. Calculate the greatest common factor of d and 38.
38
Let c(y) = -64*y + 1791. Let v be c(3). Calculate the highest common divisor of v and 169.
13
Let h = -21921 - -21954. Calculate the greatest common divisor of h and 477.
3
Let r be (10/6)/(18/(-1188)*-1). What is the greatest common divisor of 902 and r?
22
Suppose 8*r = 1587 + 3069. Let m = r - 414. Calculate the greatest common factor of 224 and m.
56
Let w(n) = -n**3 + 19*n**2 - 42*n + 16. Let t be w(16). What is the highest common divisor of 742 and t?
14
Suppose -x + 4 + 25 = 0. Suppose -4*t = x - 65. Suppose l - t = 3. Calculate the highest common divisor of l and 108.
12
Let r = 2 + -7. Suppose 0 = -6*h - h. Let s = h - r. Calculate the highest common divisor of s and 80.
5
Let k(c) = 805*c - 403. Let t be k(3). What is the greatest common factor of 4 and t?
4
Suppose 4*p - 60 = -0*p. Let x = 83982 - 83961. Calculate the greatest common divisor of x and p.
3
Suppose 12*q = 24 + 24. Suppose 0*o + q*o - 144 = -3*i, -2*o = 2*i - 70. Let z be 4*2*(-52)/(-16). What is the highest common divisor of o and z?
13
Let w be (-1)/(-4) - 35273/(-28). Suppose -6*v + 13*v = w. Calculate the highest common factor of v and 300.
60
Let b = 17584 + -17209. Calculate the greatest common factor of b and 30.
15
Suppose 190 = 582*d - 572*d. Calculate the highest common factor of 31597 and d.
19
Suppose -306 = -3*d + 3*i, 0 = 5*d + 2*i + 67 - 549. Let w be (-5)/20 + d/8. Calculate the highest common divisor of w and 9.
3
Suppose g = 23 + 43. Suppose 4*x + b - 83 = 6*b, -5*b = -3*x + g. What is the highest common divisor of x and 2?
1
Let o be (1 - 1) + 3 + (-4590)/102. Let p = o - -186. Calculate the highest common factor of 16 and p.
16
Let j be 3/((-21)/35) - (-107 - -8). What is the highest common factor of j and 1457?
47
Let s(a) = 49*a + 108. Let x be s(0). What is the highest common factor of 4260 and x?
12
Suppose 2*z + 161 = 5*h, h = 4*h + 2*z - 87. Let p = 170256 + -170101. Calculate the greatest common factor of h and p.
31
Let w = 840 - 565. Let t(u) = 2*u**2 + 11*u - 120. Let o be t(-13). What is the greatest common factor of o and w?
25
Let x be 1/((-36)/(-83648)) + 40/90. Calculate the greatest common factor of 28 and x.
28
Suppose 0 = 6*r + 691 + 911. Let f = -106 - r. Let n = f + -26. Calculate the highest common factor of n and 15.
15
Suppose 4*i - 1494 = 58. Suppose 4*o + 3*k - 71 = 237, 5*o + 3*k - i = 0. Let b = -42 - -58. What is the highest common factor of b and o?
16
Let v(m) be the third derivative of -m**4/6 + 3*m**3/2 - 2*m**2. Let s be v(-9). Suppose -62*k = 10*k - 648. Calculate the highest common divisor of k and s.
9
Suppose 0 = -4*a + 28747 - 4243. Suppose 942 = 6*i - a. What is the greatest common divisor of i and 38?
38
Let a(p) = p**3 - 2*p**2 + 2*p - 1. Let o be a(3). Suppose 6*g + 151 - 19 = 0. Let x = g + 92. What is the highest common factor of o and x?
14
Let n(l) = -115*l**2 + 7816*l + 354. Let s be n(68). Suppose t - 2*b = 2*b + 115, b = -3*t + 371. Calculate the greatest common divisor of t and s.
41
Suppose -756*x + 1574*x - 765*x - 1457500 = 0. Calculate the highest common divisor of x and 220.
220
Let l = -119 - -176. Let x = -127 + l. Let y = -56 - x. Calculate the highest common divisor of 70 and y.
14
Suppose 19*m - 25146 = -14*m. Suppose 0 = 29*f + 269 - m. What is the greatest common divisor of f and 1?
1
Let i(z) be the first derivative of -2*z**3/3 + 11*z**2/2 + 79*z - 184. Let c be i(9). Calculate the highest common divisor of c and 1040.
16
Let v be 12*9 + (-62551)/881. Suppose 17 - 5 = 4*x. Suppose i + 74 = x*i. What is the highest common divisor of i and v?
37
Let k = -3874 - -3878. Calculate the greatest common factor of 932 and k.
4
Suppose c + 2*d - 147 = 0, -4*c - d + 576 = d. Suppose i - s - c = 0, -s = -2 + 1. Let a be -24*(-1 - 2/(-6)). What is the highest common factor of a and i?
16
Suppose 5*q = -3*r + 237, 0 = -r + 3*r - 4*q - 180. Suppose -5237 = -9*d - 4265. Calculate the greatest common divisor of r and d.
12
Suppose -5*o = b - 94, o + 5*b - 40 = -2. Suppose 0 = -i + o + 1. What is the highest common divisor of i and 304?
19
Let w be ((-1)/(-1 + -1))/(7/14). Let d = 38 - 11. What is the greatest common divisor of w and d?
1
Let q = -307 - -345. Let g = 262 - q. What is the highest common factor of 14 and g?
14
Let f(m) = -m**3 - 62*m**2 - 637*m + 30. Let c be f(-49). Calculate the highest common factor of 3660 and c.
30
Let s be (0 - 105/(-10))/((-120)/(-640)). What is the greatest common divisor of s and 200?
8
Let d be -1304*(5 - 45/10). Let a = d - -757. Calculate the greatest common factor of 175 and a.
35
Suppose 314*k = 316*k - 14. Calculate the greatest common factor of 2429 and k.
7
Let r be 391/(-85) - 4/10. Let s be 3*r/15 + 90. Let l = s - 73. Calculate the greatest common divisor of 64 and l.
16
Let u = 4199 + -4197. Calculate the highest common divisor of 680 and u.
2
Let t(l) = 82*l + 3834. Let v be t(-43). Calculate the highest common divisor of 6248 and v.
44
Let d be ((-270)/(-72))/((-3)/(-8)). Suppose 3*y - d = 4*y. Let c be 8*-3*5/y. Calculate the greatest common factor of c and 8.
4
Let v(j) = 448*j + 1360. Let t be v(-3). Calculate the highest common divisor of t and 50832.
16
Let r(m) = 27*m - 14. Let n(q)